{"id":60,"date":"2009-10-13T16:03:18","date_gmt":"2009-10-13T15:03:18","guid":{"rendered":"http:\/\/www.jschamberi.org\/blog\/?page_id=60"},"modified":"2014-09-21T16:17:33","modified_gmt":"2014-09-21T15:17:33","slug":"pasate-a-conocernos-afiliacion","status":"publish","type":"page","link":"https:\/\/www.jschamberi.org\/blog\/?page_id=60","title":{"rendered":"\u00bfD\u00f3nde estamos?"},"content":{"rendered":"<p style=\"text-align: justify;\">Si estas interesado en participar en la vida pol\u00edtica, o si tan solo tienes curiosidad por conocer de primera mano nuestra organizaci\u00f3n, te invitamos a que te acerques por la <strong>sede de Juventudes Socialistas de Chamber\u00ed<\/strong>.<\/p>\n<p style=\"text-align: justify;\">Normalmente, nos reunimos los viernes por la tarde, sobre las 19h30, pero te invitamos a que consultes nuestra <strong><a href=\"http:\/\/www.jschamberi.org\/blog\/?post_type=tribe_events&amp;eventDisplay=month\">AGENDA<\/a><\/strong>, donde anunciamos todos los actos que tenemos organizados.<\/p>\n<p style=\"text-align: justify;\">Nos encontrar\u00e1s en la <strong><a href=\"https:\/\/maps.google.es\/maps?q=calle+Guzm%C3%A1n+'el+Bueno'+62&amp;ie=UTF-8&amp;hl=es\">calle Guzm\u00e1n &#8216;el Bueno&#8217;, entre los n\u00fameros 62 y 64<\/a><\/strong>, entrando por el garaje como muestran las siguientes fotos. Al final del pasaje peatonal encontrar\u00e1s nuestra sede, con puerta roja y un cartel del PSOE. Si tienes cualquier pregunta, escribenos a <span style=\"color: #ff0000;\">jschamberi@gmail.com<\/span><\/p>\n<p style=\"text-align: center;\"><a href=\"http:\/\/www.jschamberi.org\/blog\/?attachment_id=2766\" rel=\"attachment wp-att-2766\"><img loading=\"lazy\" decoding=\"async\" class=\"aligncenter size-large wp-image-2766\" alt=\"la foto\" src=\"http:\/\/www.jschamberi.org\/blog\/wp-content\/uploads\/2009\/10\/la-foto-1024x660.jpg\" width=\"500\" height=\"322\" srcset=\"https:\/\/www.jschamberi.org\/blog\/wp-content\/uploads\/2009\/10\/la-foto-1024x660.jpg 1024w, https:\/\/www.jschamberi.org\/blog\/wp-content\/uploads\/2009\/10\/la-foto-300x193.jpg 300w\" sizes=\"(max-width: 500px) 100vw, 500px\" \/><\/a><\/p>\n<p style=\"text-align: center;\">\u00a0\u00a0<a href=\"http:\/\/www.jschamberi.org\/blog\/?attachment_id=2766\" rel=\"attachment wp-att-2766\"><br \/>\n<\/a><a href=\"http:\/\/www.jschamberi.org\/blog\/?attachment_id=2768\" rel=\"attachment wp-att-2768\"><img loading=\"lazy\" decoding=\"async\" class=\"aligncenter  wp-image-2768\" alt=\"Foto-JSCh\" src=\"http:\/\/www.jschamberi.org\/blog\/wp-content\/uploads\/2009\/10\/Foto-JSCh2.jpg\" width=\"484\" height=\"191\" srcset=\"https:\/\/www.jschamberi.org\/blog\/wp-content\/uploads\/2009\/10\/Foto-JSCh2.jpg 961w, https:\/\/www.jschamberi.org\/blog\/wp-content\/uploads\/2009\/10\/Foto-JSCh2-300x118.jpg 300w\" sizes=\"(max-width: 484px) 100vw, 484px\" \/><\/a><\/p>\n<p>&nbsp;<\/p>\n<p>&nbsp;<\/p>\n<p>&nbsp;<\/p>\n","protected":false},"excerpt":{"rendered":"<p>Si estas interesado en participar en la vida pol\u00edtica, o si tan solo tienes curiosidad por conocer de primera mano nuestra organizaci\u00f3n, te invitamos a que te acerques por la sede de Juventudes Socialistas de Chamber\u00ed. Normalmente, nos reunimos los viernes por la tarde, sobre las 19h30, pero te invitamos a que consultes nuestra AGENDA, <a class=\"read-more\" href=\"https:\/\/www.jschamberi.org\/blog\/?page_id=60\">Leer m\u00e1s<\/a><\/p>\n","protected":false},"author":20,"featured_media":0,"parent":0,"menu_order":0,"comment_status":"closed","ping_status":"closed","template":"","meta":{"footnotes":""},"class_list":["post-60","page","type-page","status-publish","hentry"],"yoast_head":"<!-- This site is optimized with the Yoast SEO plugin v23.7 - https:\/\/yoast.com\/wordpress\/plugins\/seo\/ -->\n<title>\u00bfD\u00f3nde estamos? - Juventudes Socialistas de Chamber\u00ed<\/title>\n<meta name=\"robots\" content=\"index, follow, max-snippet:-1, max-image-preview:large, max-video-preview:-1\" \/>\n<link rel=\"canonical\" href=\"https:\/\/www.jschamberi.org\/blog\/?page_id=60\" \/>\n<meta property=\"og:locale\" content=\"es_ES\" \/>\n<meta property=\"og:type\" content=\"article\" \/>\n<meta property=\"og:title\" content=\"\u00bfD\u00f3nde estamos? - Juventudes Socialistas de Chamber\u00ed\" \/>\n<meta property=\"og:description\" content=\"Si estas interesado en participar en la vida pol\u00edtica, o si tan solo tienes curiosidad por conocer de primera mano nuestra organizaci\u00f3n, te invitamos a que te acerques por la sede de Juventudes Socialistas de Chamber\u00ed. Normalmente, nos reunimos los viernes por la tarde, sobre las 19h30, pero te invitamos a que consultes nuestra AGENDA, Leer m\u00e1s\" \/>\n<meta property=\"og:url\" content=\"https:\/\/www.jschamberi.org\/blog\/?page_id=60\" \/>\n<meta property=\"og:site_name\" content=\"Juventudes Socialistas de Chamber\u00ed\" \/>\n<meta property=\"article:modified_time\" content=\"2014-09-21T15:17:33+00:00\" \/>\n<meta property=\"og:image\" content=\"https:\/\/www.jschamberi.org\/blog\/wp-content\/uploads\/2009\/10\/la-foto.jpg\" \/>\n\t<meta property=\"og:image:width\" content=\"3260\" \/>\n\t<meta property=\"og:image:height\" content=\"2102\" \/>\n\t<meta property=\"og:image:type\" content=\"image\/jpeg\" \/>\n<meta name=\"twitter:card\" content=\"summary_large_image\" \/>\n<meta name=\"twitter:label1\" content=\"Tiempo de lectura\" \/>\n\t<meta name=\"twitter:data1\" content=\"1 minuto\" \/>\n<script type=\"application\/ld+json\" class=\"yoast-schema-graph\">{\"@context\":\"https:\/\/schema.org\",\"@graph\":[{\"@type\":\"WebPage\",\"@id\":\"https:\/\/www.jschamberi.org\/blog\/?page_id=60\",\"url\":\"https:\/\/www.jschamberi.org\/blog\/?page_id=60\",\"name\":\"\u00bfD\u00f3nde estamos? - Juventudes Socialistas de Chamber\u00ed\",\"isPartOf\":{\"@id\":\"https:\/\/www.jschamberi.org\/blog\/#website\"},\"primaryImageOfPage\":{\"@id\":\"https:\/\/www.jschamberi.org\/blog\/?page_id=60#primaryimage\"},\"image\":{\"@id\":\"https:\/\/www.jschamberi.org\/blog\/?page_id=60#primaryimage\"},\"thumbnailUrl\":\"http:\/\/www.jschamberi.org\/blog\/wp-content\/uploads\/2009\/10\/la-foto-1024x660.jpg\",\"datePublished\":\"2009-10-13T15:03:18+00:00\",\"dateModified\":\"2014-09-21T15:17:33+00:00\",\"breadcrumb\":{\"@id\":\"https:\/\/www.jschamberi.org\/blog\/?page_id=60#breadcrumb\"},\"inLanguage\":\"es\",\"potentialAction\":[{\"@type\":\"ReadAction\",\"target\":[\"https:\/\/www.jschamberi.org\/blog\/?page_id=60\"]}]},{\"@type\":\"ImageObject\",\"inLanguage\":\"es\",\"@id\":\"https:\/\/www.jschamberi.org\/blog\/?page_id=60#primaryimage\",\"url\":\"https:\/\/www.jschamberi.org\/blog\/wp-content\/uploads\/2009\/10\/la-foto.jpg\",\"contentUrl\":\"https:\/\/www.jschamberi.org\/blog\/wp-content\/uploads\/2009\/10\/la-foto.jpg\",\"width\":3260,\"height\":2102},{\"@type\":\"BreadcrumbList\",\"@id\":\"https:\/\/www.jschamberi.org\/blog\/?page_id=60#breadcrumb\",\"itemListElement\":[{\"@type\":\"ListItem\",\"position\":1,\"name\":\"Home\",\"item\":\"https:\/\/www.jschamberi.org\/blog\/\"},{\"@type\":\"ListItem\",\"position\":2,\"name\":\"\u00bfD\u00f3nde estamos?\"}]},{\"@type\":\"WebSite\",\"@id\":\"https:\/\/www.jschamberi.org\/blog\/#website\",\"url\":\"https:\/\/www.jschamberi.org\/blog\/\",\"name\":\"Juventudes Socialistas de Chamber\u00ed\",\"description\":\"\",\"potentialAction\":[{\"@type\":\"SearchAction\",\"target\":{\"@type\":\"EntryPoint\",\"urlTemplate\":\"https:\/\/www.jschamberi.org\/blog\/?s={search_term_string}\"},\"query-input\":{\"@type\":\"PropertyValueSpecification\",\"valueRequired\":true,\"valueName\":\"search_term_string\"}}],\"inLanguage\":\"es\"}]}<\/script>\n<!-- \/ Yoast SEO plugin. -->","yoast_head_json":{"title":"\u00bfD\u00f3nde estamos? - Juventudes Socialistas de Chamber\u00ed","robots":{"index":"index","follow":"follow","max-snippet":"max-snippet:-1","max-image-preview":"max-image-preview:large","max-video-preview":"max-video-preview:-1"},"canonical":"https:\/\/www.jschamberi.org\/blog\/?page_id=60","og_locale":"es_ES","og_type":"article","og_title":"\u00bfD\u00f3nde estamos? - Juventudes Socialistas de Chamber\u00ed","og_description":"Si estas interesado en participar en la vida pol\u00edtica, o si tan solo tienes curiosidad por conocer de primera mano nuestra organizaci\u00f3n, te invitamos a que te acerques por la sede de Juventudes Socialistas de Chamber\u00ed. Normalmente, nos reunimos los viernes por la tarde, sobre las 19h30, pero te invitamos a que consultes nuestra AGENDA, Leer m\u00e1s","og_url":"https:\/\/www.jschamberi.org\/blog\/?page_id=60","og_site_name":"Juventudes Socialistas de Chamber\u00ed","article_modified_time":"2014-09-21T15:17:33+00:00","og_image":[{"width":3260,"height":2102,"url":"https:\/\/www.jschamberi.org\/blog\/wp-content\/uploads\/2009\/10\/la-foto.jpg","type":"image\/jpeg"}],"twitter_card":"summary_large_image","twitter_misc":{"Tiempo de lectura":"1 minuto"},"schema":{"@context":"https:\/\/schema.org","@graph":[{"@type":"WebPage","@id":"https:\/\/www.jschamberi.org\/blog\/?page_id=60","url":"https:\/\/www.jschamberi.org\/blog\/?page_id=60","name":"\u00bfD\u00f3nde estamos? - Juventudes Socialistas de Chamber\u00ed","isPartOf":{"@id":"https:\/\/www.jschamberi.org\/blog\/#website"},"primaryImageOfPage":{"@id":"https:\/\/www.jschamberi.org\/blog\/?page_id=60#primaryimage"},"image":{"@id":"https:\/\/www.jschamberi.org\/blog\/?page_id=60#primaryimage"},"thumbnailUrl":"http:\/\/www.jschamberi.org\/blog\/wp-content\/uploads\/2009\/10\/la-foto-1024x660.jpg","datePublished":"2009-10-13T15:03:18+00:00","dateModified":"2014-09-21T15:17:33+00:00","breadcrumb":{"@id":"https:\/\/www.jschamberi.org\/blog\/?page_id=60#breadcrumb"},"inLanguage":"es","potentialAction":[{"@type":"ReadAction","target":["https:\/\/www.jschamberi.org\/blog\/?page_id=60"]}]},{"@type":"ImageObject","inLanguage":"es","@id":"https:\/\/www.jschamberi.org\/blog\/?page_id=60#primaryimage","url":"https:\/\/www.jschamberi.org\/blog\/wp-content\/uploads\/2009\/10\/la-foto.jpg","contentUrl":"https:\/\/www.jschamberi.org\/blog\/wp-content\/uploads\/2009\/10\/la-foto.jpg","width":3260,"height":2102},{"@type":"BreadcrumbList","@id":"https:\/\/www.jschamberi.org\/blog\/?page_id=60#breadcrumb","itemListElement":[{"@type":"ListItem","position":1,"name":"Home","item":"https:\/\/www.jschamberi.org\/blog\/"},{"@type":"ListItem","position":2,"name":"\u00bfD\u00f3nde estamos?"}]},{"@type":"WebSite","@id":"https:\/\/www.jschamberi.org\/blog\/#website","url":"https:\/\/www.jschamberi.org\/blog\/","name":"Juventudes Socialistas de Chamber\u00ed","description":"","potentialAction":[{"@type":"SearchAction","target":{"@type":"EntryPoint","urlTemplate":"https:\/\/www.jschamberi.org\/blog\/?s={search_term_string}"},"query-input":{"@type":"PropertyValueSpecification","valueRequired":true,"valueName":"search_term_string"}}],"inLanguage":"es"}]}},"_links":{"self":[{"href":"https:\/\/www.jschamberi.org\/blog\/index.php?rest_route=\/wp\/v2\/pages\/60"}],"collection":[{"href":"https:\/\/www.jschamberi.org\/blog\/index.php?rest_route=\/wp\/v2\/pages"}],"about":[{"href":"https:\/\/www.jschamberi.org\/blog\/index.php?rest_route=\/wp\/v2\/types\/page"}],"author":[{"embeddable":true,"href":"https:\/\/www.jschamberi.org\/blog\/index.php?rest_route=\/wp\/v2\/users\/20"}],"replies":[{"embeddable":true,"href":"https:\/\/www.jschamberi.org\/blog\/index.php?rest_route=%2Fwp%2Fv2%2Fcomments&post=60"}],"version-history":[{"count":24,"href":"https:\/\/www.jschamberi.org\/blog\/index.php?rest_route=\/wp\/v2\/pages\/60\/revisions"}],"predecessor-version":[{"id":2770,"href":"https:\/\/www.jschamberi.org\/blog\/index.php?rest_route=\/wp\/v2\/pages\/60\/revisions\/2770"}],"wp:attachment":[{"href":"https:\/\/www.jschamberi.org\/blog\/index.php?rest_route=%2Fwp%2Fv2%2Fmedia&parent=60"}],"curies":[{"name":"wp","href":"https:\/\/api.w.org\/{rel}","templated":true}]}}